{"id":7368,"date":"2024-11-05T16:11:56","date_gmt":"2024-11-05T19:11:56","guid":{"rendered":"https:\/\/mondaysites.com.br\/kimadeiras\/?page_id=7368"},"modified":"2025-09-26T17:33:29","modified_gmt":"2025-09-26T20:33:29","slug":"tratamento-termico","status":"publish","type":"page","link":"https:\/\/mondaysites.com.br\/kimadeiras\/tratamento-termico\/","title":{"rendered":"Tratamento T\u00e9rmico"},"content":{"rendered":"\t\t<div data-elementor-type=\"wp-page\" data-elementor-id=\"7368\" class=\"elementor elementor-7368\">\n\t\t\t\t\t\t<section class=\"elementor-section elementor-top-section elementor-element elementor-element-5425ab26 elementor-section-content-top elementor-section-height-full elementor-section-boxed elementor-section-height-default elementor-section-items-middle\" data-id=\"5425ab26\" data-element_type=\"section\" data-settings=\"{&quot;background_background&quot;:&quot;classic&quot;,&quot;background_motion_fx_motion_fx_scrolling&quot;:&quot;yes&quot;,&quot;background_motion_fx_translateY_effect&quot;:&quot;yes&quot;,&quot;background_motion_fx_translateY_speed&quot;:{&quot;unit&quot;:&quot;px&quot;,&quot;size&quot;:4,&quot;sizes&quot;:[]},&quot;background_motion_fx_translateY_affectedRange&quot;:{&quot;unit&quot;:&quot;%&quot;,&quot;size&quot;:&quot;&quot;,&quot;sizes&quot;:{&quot;start&quot;:0,&quot;end&quot;:100}},&quot;background_motion_fx_devices&quot;:[&quot;desktop&quot;,&quot;tablet&quot;,&quot;mobile&quot;]}\">\n\t\t\t\t\t\t\t<div class=\"elementor-background-overlay\"><\/div>\n\t\t\t\t\t\t\t<div class=\"elementor-container elementor-column-gap-extended\">\n\t\t\t\t\t<div class=\"elementor-column elementor-col-100 elementor-top-column elementor-element elementor-element-398fd309\" data-id=\"398fd309\" data-element_type=\"column\">\n\t\t\t<div class=\"elementor-widget-wrap elementor-element-populated\">\n\t\t\t\t\t\t<div class=\"elementor-element elementor-element-5f4c0606 elementor-widget elementor-widget-heading\" data-id=\"5f4c0606\" data-element_type=\"widget\" data-widget_type=\"heading.default\">\n\t\t\t\t<div class=\"elementor-widget-container\">\n\t\t\t\t\t<h1 class=\"elementor-heading-title elementor-size-default\">Tratamento T\u00e9rmico <\/h1>\t\t\t\t<\/div>\n\t\t\t\t<\/div>\n\t\t\t\t<div class=\"elementor-element elementor-element-72be3e3c elementor-widget elementor-widget-heading\" data-id=\"72be3e3c\" data-element_type=\"widget\" data-widget_type=\"heading.default\">\n\t\t\t\t<div class=\"elementor-widget-container\">\n\t\t\t\t\t<h1 class=\"elementor-heading-title elementor-size-default\">Evite pragas florestais e atenda \u00e0s normas internacionais com nossos tratamentos certificados.<\/h1>\t\t\t\t<\/div>\n\t\t\t\t<\/div>\n\t\t\t\t<div class=\"elementor-element elementor-element-51b8ec68 elementor-widget elementor-widget-spacer\" data-id=\"51b8ec68\" data-element_type=\"widget\" data-widget_type=\"spacer.default\">\n\t\t\t\t<div class=\"elementor-widget-container\">\n\t\t\t\t\t\t\t<div class=\"elementor-spacer\">\n\t\t\t<div class=\"elementor-spacer-inner\"><\/div>\n\t\t<\/div>\n\t\t\t\t\t\t<\/div>\n\t\t\t\t<\/div>\n\t\t\t\t\t<\/div>\n\t\t<\/div>\n\t\t\t\t\t<\/div>\n\t\t<\/section>\n\t\t\t\t<section class=\"elementor-section elementor-top-section elementor-element elementor-element-3461fa1c elementor-section-content-top elementor-reverse-tablet elementor-reverse-mobile elementor-section-boxed elementor-section-height-default elementor-section-height-default\" data-id=\"3461fa1c\" data-element_type=\"section\" data-settings=\"{&quot;background_background&quot;:&quot;classic&quot;}\">\n\t\t\t\t\t\t<div class=\"elementor-container elementor-column-gap-wider\">\n\t\t\t\t\t<div class=\"elementor-column elementor-col-50 elementor-top-column elementor-element elementor-element-6b819a7e\" data-id=\"6b819a7e\" data-element_type=\"column\">\n\t\t\t<div class=\"elementor-widget-wrap elementor-element-populated\">\n\t\t\t\t\t\t<div class=\"elementor-element elementor-element-48399ac0 animated-slow elementor-invisible elementor-widget elementor-widget-heading\" data-id=\"48399ac0\" data-element_type=\"widget\" data-settings=\"{&quot;_animation&quot;:&quot;fadeIn&quot;}\" data-widget_type=\"heading.default\">\n\t\t\t\t<div class=\"elementor-widget-container\">\n\t\t\t\t\t<p class=\"elementor-heading-title elementor-size-default\">Tratamento T\u00e9rmico <\/p>\t\t\t\t<\/div>\n\t\t\t\t<\/div>\n\t\t\t\t<div class=\"elementor-element elementor-element-fc4a553 elementor-widget elementor-widget-spacer\" data-id=\"fc4a553\" data-element_type=\"widget\" data-widget_type=\"spacer.default\">\n\t\t\t\t<div class=\"elementor-widget-container\">\n\t\t\t\t\t\t\t<div class=\"elementor-spacer\">\n\t\t\t<div class=\"elementor-spacer-inner\"><\/div>\n\t\t<\/div>\n\t\t\t\t\t\t<\/div>\n\t\t\t\t<\/div>\n\t\t\t\t<div class=\"elementor-element elementor-element-2e1ba0e9 elementor-widget elementor-widget-heading\" data-id=\"2e1ba0e9\" data-element_type=\"widget\" data-widget_type=\"heading.default\">\n\t\t\t\t<div class=\"elementor-widget-container\">\n\t\t\t\t\t<h2 class=\"elementor-heading-title elementor-size-default\">Seguran\u00e7a Fitossanit\u00e1ria para Transporte Internacional<\/h2>\t\t\t\t<\/div>\n\t\t\t\t<\/div>\n\t\t\t\t<div class=\"elementor-element elementor-element-306f209b elementor-widget elementor-widget-spacer\" data-id=\"306f209b\" data-element_type=\"widget\" data-widget_type=\"spacer.default\">\n\t\t\t\t<div class=\"elementor-widget-container\">\n\t\t\t\t\t\t\t<div class=\"elementor-spacer\">\n\t\t\t<div class=\"elementor-spacer-inner\"><\/div>\n\t\t<\/div>\n\t\t\t\t\t\t<\/div>\n\t\t\t\t<\/div>\n\t\t\t\t<div class=\"elementor-element elementor-element-376e05ff elementor-widget elementor-widget-text-editor\" data-id=\"376e05ff\" data-element_type=\"widget\" data-widget_type=\"text-editor.default\">\n\t\t\t\t<div class=\"elementor-widget-container\">\n\t\t\t\t\t\t\t\t\t<p>O tratamento t\u00e9rmico da Kimadeiras, tamb\u00e9m conhecido como HT (Heat Treatment), \u00e9 um processo fitossanit\u00e1rio essencial para a preven\u00e7\u00e3o da dissemina\u00e7\u00e3o de pragas de florestas. Realizado em estufas projetadas, este tratamento assegura que nossos produtos de madeira estejam dentro dos padr\u00f5es de seguran\u00e7a fitossanit\u00e1ria exigidos para o com\u00e9rcio internacional. A Kimadeiras \u00e9 certificada pelo MAPA sob o registro n\u00famero BR PR 214, o que garante a conformidade com a Norma Internacional de Medida Fitossanit\u00e1ria (NIMF-15).<\/p>\t\t\t\t\t\t\t\t<\/div>\n\t\t\t\t<\/div>\n\t\t\t\t<div class=\"elementor-element elementor-element-6e35eba5 elementor-widget elementor-widget-spacer\" data-id=\"6e35eba5\" data-element_type=\"widget\" data-widget_type=\"spacer.default\">\n\t\t\t\t<div class=\"elementor-widget-container\">\n\t\t\t\t\t\t\t<div class=\"elementor-spacer\">\n\t\t\t<div class=\"elementor-spacer-inner\"><\/div>\n\t\t<\/div>\n\t\t\t\t\t\t<\/div>\n\t\t\t\t<\/div>\n\t\t\t\t\t<\/div>\n\t\t<\/div>\n\t\t\t\t<div class=\"elementor-column elementor-col-50 elementor-top-column elementor-element elementor-element-5635eff6\" data-id=\"5635eff6\" data-element_type=\"column\">\n\t\t\t<div class=\"elementor-widget-wrap elementor-element-populated\">\n\t\t\t\t\t\t<div class=\"elementor-element elementor-element-771bb3db animated-slow elementor-invisible elementor-widget elementor-widget-image\" data-id=\"771bb3db\" data-element_type=\"widget\" data-settings=\"{&quot;_animation&quot;:&quot;fadeIn&quot;}\" data-widget_type=\"image.default\">\n\t\t\t\t<div class=\"elementor-widget-container\">\n\t\t\t\t\t\t\t\t\t\t\t\t\t\t\t<img fetchpriority=\"high\" decoding=\"async\" width=\"500\" height=\"500\" src=\"https:\/\/mondaysites.com.br\/kimadeiras\/wp-content\/uploads\/2024\/12\/Tratamento-Termico-imagens\u200b.png\" class=\"attachment-large size-large wp-image-7639\" alt=\"\" srcset=\"https:\/\/mondaysites.com.br\/kimadeiras\/wp-content\/uploads\/2024\/12\/Tratamento-Termico-imagens\u200b.png 500w, https:\/\/mondaysites.com.br\/kimadeiras\/wp-content\/uploads\/2024\/12\/Tratamento-Termico-imagens\u200b-300x300.png 300w, https:\/\/mondaysites.com.br\/kimadeiras\/wp-content\/uploads\/2024\/12\/Tratamento-Termico-imagens\u200b-150x150.png 150w\" sizes=\"(max-width: 500px) 100vw, 500px\" \/>\t\t\t\t\t\t\t\t\t\t\t\t\t\t\t<\/div>\n\t\t\t\t<\/div>\n\t\t\t\t\t<\/div>\n\t\t<\/div>\n\t\t\t\t\t<\/div>\n\t\t<\/section>\n\t\t\t\t<section class=\"elementor-section elementor-top-section elementor-element elementor-element-29b76556 elementor-section-content-top elementor-section-boxed elementor-section-height-default elementor-section-height-default\" data-id=\"29b76556\" data-element_type=\"section\" data-settings=\"{&quot;background_background&quot;:&quot;classic&quot;}\">\n\t\t\t\t\t\t<div class=\"elementor-container elementor-column-gap-extended\">\n\t\t\t\t\t<div class=\"elementor-column elementor-col-100 elementor-top-column elementor-element elementor-element-4f88c680\" data-id=\"4f88c680\" data-element_type=\"column\">\n\t\t\t<div class=\"elementor-widget-wrap elementor-element-populated\">\n\t\t\t\t\t\t<div class=\"elementor-element elementor-element-63946e0 elementor-widget elementor-widget-spacer\" data-id=\"63946e0\" data-element_type=\"widget\" data-widget_type=\"spacer.default\">\n\t\t\t\t<div class=\"elementor-widget-container\">\n\t\t\t\t\t\t\t<div class=\"elementor-spacer\">\n\t\t\t<div class=\"elementor-spacer-inner\"><\/div>\n\t\t<\/div>\n\t\t\t\t\t\t<\/div>\n\t\t\t\t<\/div>\n\t\t\t\t<div class=\"elementor-element elementor-element-77b7ec26 animated-slow elementor-invisible elementor-widget elementor-widget-heading\" data-id=\"77b7ec26\" data-element_type=\"widget\" data-settings=\"{&quot;_animation&quot;:&quot;fadeIn&quot;}\" data-widget_type=\"heading.default\">\n\t\t\t\t<div class=\"elementor-widget-container\">\n\t\t\t\t\t<h2 class=\"elementor-heading-title elementor-size-default\">Benef\u00edcios do Tratamento T\u00e9rmico:<\/h2>\t\t\t\t<\/div>\n\t\t\t\t<\/div>\n\t\t\t\t<div class=\"elementor-element elementor-element-2ded9e0b elementor-widget-divider--view-line elementor-widget elementor-widget-divider\" data-id=\"2ded9e0b\" data-element_type=\"widget\" data-widget_type=\"divider.default\">\n\t\t\t\t<div class=\"elementor-widget-container\">\n\t\t\t\t\t\t\t<div class=\"elementor-divider\">\n\t\t\t<span class=\"elementor-divider-separator\">\n\t\t\t\t\t\t<\/span>\n\t\t<\/div>\n\t\t\t\t\t\t<\/div>\n\t\t\t\t<\/div>\n\t\t\t\t\t<\/div>\n\t\t<\/div>\n\t\t\t\t\t<\/div>\n\t\t<\/section>\n\t\t\t\t<section class=\"elementor-section elementor-top-section elementor-element elementor-element-1171ddda elementor-section-content-top elementor-section-boxed elementor-section-height-default elementor-section-height-default elementor-invisible\" data-id=\"1171ddda\" data-element_type=\"section\" data-settings=\"{&quot;animation&quot;:&quot;fadeInUp&quot;}\">\n\t\t\t\t\t\t<div class=\"elementor-container elementor-column-gap-extended\">\n\t\t\t\t\t<div class=\"elementor-column elementor-col-33 elementor-top-column elementor-element elementor-element-336507d8\" data-id=\"336507d8\" data-element_type=\"column\">\n\t\t\t<div class=\"elementor-widget-wrap elementor-element-populated\">\n\t\t\t\t\t\t<section class=\"elementor-section elementor-inner-section elementor-element elementor-element-12b7b594 elementor-section-content-top elementor-section-boxed elementor-section-height-default elementor-section-height-default\" data-id=\"12b7b594\" data-element_type=\"section\">\n\t\t\t\t\t\t<div class=\"elementor-container elementor-column-gap-extended\">\n\t\t\t\t\t<div class=\"elementor-column elementor-col-100 elementor-inner-column elementor-element elementor-element-2ddf85eb\" data-id=\"2ddf85eb\" data-element_type=\"column\" data-settings=\"{&quot;background_background&quot;:&quot;classic&quot;}\">\n\t\t\t<div class=\"elementor-widget-wrap elementor-element-populated\">\n\t\t\t\t\t\t<div class=\"elementor-element elementor-element-2a2c6930 elementor-widget elementor-widget-heading\" data-id=\"2a2c6930\" data-element_type=\"widget\" data-widget_type=\"heading.default\">\n\t\t\t\t<div class=\"elementor-widget-container\">\n\t\t\t\t\t<h5 class=\"elementor-heading-title elementor-size-default\">Conformidade Internacional: <\/h5>\t\t\t\t<\/div>\n\t\t\t\t<\/div>\n\t\t\t\t<div class=\"elementor-element elementor-element-3837279b elementor-widget elementor-widget-text-editor\" data-id=\"3837279b\" data-element_type=\"widget\" data-widget_type=\"text-editor.default\">\n\t\t\t\t<div class=\"elementor-widget-container\">\n\t\t\t\t\t\t\t\t\t<p>Atende \u00e0s exig\u00eancias fitossanit\u00e1rias para transporte entre pa\u00edses.<\/p>\t\t\t\t\t\t\t\t<\/div>\n\t\t\t\t<\/div>\n\t\t\t\t\t<\/div>\n\t\t<\/div>\n\t\t\t\t\t<\/div>\n\t\t<\/section>\n\t\t\t\t\t<\/div>\n\t\t<\/div>\n\t\t\t\t<div class=\"elementor-column elementor-col-33 elementor-top-column elementor-element elementor-element-b154d26\" data-id=\"b154d26\" data-element_type=\"column\">\n\t\t\t<div class=\"elementor-widget-wrap elementor-element-populated\">\n\t\t\t\t\t\t<section class=\"elementor-section elementor-inner-section elementor-element elementor-element-4723d033 elementor-section-content-top elementor-section-boxed elementor-section-height-default elementor-section-height-default\" data-id=\"4723d033\" data-element_type=\"section\">\n\t\t\t\t\t\t<div class=\"elementor-container elementor-column-gap-extended\">\n\t\t\t\t\t<div class=\"elementor-column elementor-col-100 elementor-inner-column elementor-element elementor-element-289ac5b8\" data-id=\"289ac5b8\" data-element_type=\"column\" data-settings=\"{&quot;background_background&quot;:&quot;classic&quot;}\">\n\t\t\t<div class=\"elementor-widget-wrap elementor-element-populated\">\n\t\t\t\t\t\t<div class=\"elementor-element elementor-element-27732365 elementor-widget elementor-widget-heading\" data-id=\"27732365\" data-element_type=\"widget\" data-widget_type=\"heading.default\">\n\t\t\t\t<div class=\"elementor-widget-container\">\n\t\t\t\t\t<h5 class=\"elementor-heading-title elementor-size-default\">Controle de Pragas: <\/h5>\t\t\t\t<\/div>\n\t\t\t\t<\/div>\n\t\t\t\t<div class=\"elementor-element elementor-element-2de86c10 elementor-widget elementor-widget-text-editor\" data-id=\"2de86c10\" data-element_type=\"widget\" data-widget_type=\"text-editor.default\">\n\t\t\t\t<div class=\"elementor-widget-container\">\n\t\t\t\t\t\t\t\t\t<p>Evita a dissemina\u00e7\u00e3o de pragas de florestas e protege o ecossistema.<\/p>\t\t\t\t\t\t\t\t<\/div>\n\t\t\t\t<\/div>\n\t\t\t\t\t<\/div>\n\t\t<\/div>\n\t\t\t\t\t<\/div>\n\t\t<\/section>\n\t\t\t\t\t<\/div>\n\t\t<\/div>\n\t\t\t\t<div class=\"elementor-column elementor-col-33 elementor-top-column elementor-element elementor-element-476b51ff\" data-id=\"476b51ff\" data-element_type=\"column\">\n\t\t\t<div class=\"elementor-widget-wrap elementor-element-populated\">\n\t\t\t\t\t\t<section class=\"elementor-section elementor-inner-section elementor-element elementor-element-e42b34 elementor-section-content-top elementor-section-boxed elementor-section-height-default elementor-section-height-default\" data-id=\"e42b34\" data-element_type=\"section\">\n\t\t\t\t\t\t<div class=\"elementor-container elementor-column-gap-extended\">\n\t\t\t\t\t<div class=\"elementor-column elementor-col-100 elementor-inner-column elementor-element elementor-element-61c697cb\" data-id=\"61c697cb\" data-element_type=\"column\" data-settings=\"{&quot;background_background&quot;:&quot;classic&quot;}\">\n\t\t\t<div class=\"elementor-widget-wrap elementor-element-populated\">\n\t\t\t\t\t\t<div class=\"elementor-element elementor-element-5f7726ca elementor-widget elementor-widget-heading\" data-id=\"5f7726ca\" data-element_type=\"widget\" data-widget_type=\"heading.default\">\n\t\t\t\t<div class=\"elementor-widget-container\">\n\t\t\t\t\t<h5 class=\"elementor-heading-title elementor-size-default\">Qualidade Certificada: <\/h5>\t\t\t\t<\/div>\n\t\t\t\t<\/div>\n\t\t\t\t<div class=\"elementor-element elementor-element-72a987c8 elementor-widget elementor-widget-text-editor\" data-id=\"72a987c8\" data-element_type=\"widget\" data-widget_type=\"text-editor.default\">\n\t\t\t\t<div class=\"elementor-widget-container\">\n\t\t\t\t\t\t\t\t\t<p>Processo certificado pelo MAPA, garantindo seguran\u00e7a e confiabilidade.<\/p>\t\t\t\t\t\t\t\t<\/div>\n\t\t\t\t<\/div>\n\t\t\t\t\t<\/div>\n\t\t<\/div>\n\t\t\t\t\t<\/div>\n\t\t<\/section>\n\t\t\t\t\t<\/div>\n\t\t<\/div>\n\t\t\t\t\t<\/div>\n\t\t<\/section>\n\t\t\t\t<section class=\"elementor-section elementor-top-section elementor-element elementor-element-217fdabb elementor-section-content-top elementor-section-boxed elementor-section-height-default elementor-section-height-default\" data-id=\"217fdabb\" data-element_type=\"section\">\n\t\t\t\t\t\t<div class=\"elementor-container elementor-column-gap-extended\">\n\t\t\t\t\t<div class=\"elementor-column elementor-col-100 elementor-top-column elementor-element elementor-element-5132657e\" data-id=\"5132657e\" data-element_type=\"column\">\n\t\t\t<div class=\"elementor-widget-wrap elementor-element-populated\">\n\t\t\t\t\t\t<div class=\"elementor-element elementor-element-4b2fe85 elementor-button-info elementor-align-center elementor-tablet-align-center elementor-mobile-align-center elementor-widget elementor-widget-button\" data-id=\"4b2fe85\" data-element_type=\"widget\" data-widget_type=\"button.default\">\n\t\t\t\t<div class=\"elementor-widget-container\">\n\t\t\t\t\t\t\t\t\t<div class=\"elementor-button-wrapper\">\n\t\t\t\t\t<a class=\"elementor-button elementor-button-link elementor-size-md\" href=\"#\">\n\t\t\t\t\t\t<span class=\"elementor-button-content-wrapper\">\n\t\t\t\t\t\t\t\t\t<span class=\"elementor-button-text\">Entre em Contato para Solicitar o Tratamento T\u00e9rmico<\/span>\n\t\t\t\t\t<\/span>\n\t\t\t\t\t<\/a>\n\t\t\t\t<\/div>\n\t\t\t\t\t\t\t\t<\/div>\n\t\t\t\t<\/div>\n\t\t\t\t\t<\/div>\n\t\t<\/div>\n\t\t\t\t\t<\/div>\n\t\t<\/section>\n\t\t\t\t<\/div>\n\t\t","protected":false},"excerpt":{"rendered":"<p>Tratamento T\u00e9rmico Evite pragas florestais e atenda \u00e0s normas internacionais com nossos tratamentos certificados. Tratamento T\u00e9rmico Seguran\u00e7a Fitossanit\u00e1ria para Transporte Internacional O tratamento t\u00e9rmico da Kimadeiras, tamb\u00e9m conhecido como HT (Heat Treatment), \u00e9 um processo fitossanit\u00e1rio essencial para a preven\u00e7\u00e3o da dissemina\u00e7\u00e3o de pragas de florestas. Realizado em estufas projetadas, este tratamento assegura que nossos [&hellip;]<\/p>\n","protected":false},"author":1,"featured_media":0,"parent":0,"menu_order":0,"comment_status":"closed","ping_status":"closed","template":"elementor_header_footer","meta":{"footnotes":""},"class_list":["post-7368","page","type-page","status-publish","hentry"],"yoast_head":"<!-- This site is optimized with the Yoast SEO plugin v26.4 - https:\/\/yoast.com\/wordpress\/plugins\/seo\/ -->\n<title>Embalagens de Madeira Personalizadas - Qualidade e Seguran\u00e7a | Kimadeiras<\/title>\n<meta name=\"description\" content=\"Conhe\u00e7a as embalagens de madeira da Kimadeiras! Produtos resistentes e personalizados para proteger mercadorias com seguran\u00e7a. Solicite um or\u00e7amento!\" \/>\n<meta name=\"robots\" content=\"index, follow, max-snippet:-1, max-image-preview:large, max-video-preview:-1\" \/>\n<link rel=\"canonical\" href=\"https:\/\/mondaysites.com.br\/kimadeiras\/tratamento-termico\/\" \/>\n<meta property=\"og:locale\" content=\"pt_BR\" \/>\n<meta property=\"og:type\" content=\"article\" \/>\n<meta property=\"og:title\" content=\"Embalagens de Madeira Personalizadas - Qualidade e Seguran\u00e7a | Kimadeiras\" \/>\n<meta property=\"og:description\" content=\"Conhe\u00e7a as embalagens de madeira da Kimadeiras! Produtos resistentes e personalizados para proteger mercadorias com seguran\u00e7a. Solicite um or\u00e7amento!\" \/>\n<meta property=\"og:url\" content=\"https:\/\/mondaysites.com.br\/kimadeiras\/tratamento-termico\/\" \/>\n<meta property=\"og:site_name\" content=\"Kimadeiras\" \/>\n<meta property=\"article:modified_time\" content=\"2025-09-26T20:33:29+00:00\" \/>\n<meta name=\"twitter:card\" content=\"summary_large_image\" \/>\n<meta name=\"twitter:label1\" content=\"Est. tempo de leitura\" \/>\n\t<meta name=\"twitter:data1\" content=\"1 minuto\" \/>\n<script type=\"application\/ld+json\" class=\"yoast-schema-graph\">{\"@context\":\"https:\/\/schema.org\",\"@graph\":[{\"@type\":\"WebPage\",\"@id\":\"https:\/\/mondaysites.com.br\/kimadeiras\/tratamento-termico\/\",\"url\":\"https:\/\/mondaysites.com.br\/kimadeiras\/tratamento-termico\/\",\"name\":\"Embalagens de Madeira Personalizadas - Qualidade e Seguran\u00e7a | Kimadeiras\",\"isPartOf\":{\"@id\":\"https:\/\/mondaysites.com.br\/kimadeiras\/#website\"},\"datePublished\":\"2024-11-05T19:11:56+00:00\",\"dateModified\":\"2025-09-26T20:33:29+00:00\",\"description\":\"Conhe\u00e7a as embalagens de madeira da Kimadeiras! Produtos resistentes e personalizados para proteger mercadorias com seguran\u00e7a. Solicite um or\u00e7amento!\",\"breadcrumb\":{\"@id\":\"https:\/\/mondaysites.com.br\/kimadeiras\/tratamento-termico\/#breadcrumb\"},\"inLanguage\":\"pt-BR\",\"potentialAction\":[{\"@type\":\"ReadAction\",\"target\":[\"https:\/\/mondaysites.com.br\/kimadeiras\/tratamento-termico\/\"]}]},{\"@type\":\"BreadcrumbList\",\"@id\":\"https:\/\/mondaysites.com.br\/kimadeiras\/tratamento-termico\/#breadcrumb\",\"itemListElement\":[{\"@type\":\"ListItem\",\"position\":1,\"name\":\"In\u00edcio\",\"item\":\"https:\/\/mondaysites.com.br\/kimadeiras\/\"},{\"@type\":\"ListItem\",\"position\":2,\"name\":\"Tratamento T\u00e9rmico\"}]},{\"@type\":\"WebSite\",\"@id\":\"https:\/\/mondaysites.com.br\/kimadeiras\/#website\",\"url\":\"https:\/\/mondaysites.com.br\/kimadeiras\/\",\"name\":\"Kimadeiras\",\"description\":\"\",\"potentialAction\":[{\"@type\":\"SearchAction\",\"target\":{\"@type\":\"EntryPoint\",\"urlTemplate\":\"https:\/\/mondaysites.com.br\/kimadeiras\/?s={search_term_string}\"},\"query-input\":{\"@type\":\"PropertyValueSpecification\",\"valueRequired\":true,\"valueName\":\"search_term_string\"}}],\"inLanguage\":\"pt-BR\"}]}<\/script>\n<!-- \/ Yoast SEO plugin. -->","yoast_head_json":{"title":"Embalagens de Madeira Personalizadas - Qualidade e Seguran\u00e7a | Kimadeiras","description":"Conhe\u00e7a as embalagens de madeira da Kimadeiras! Produtos resistentes e personalizados para proteger mercadorias com seguran\u00e7a. Solicite um or\u00e7amento!","robots":{"index":"index","follow":"follow","max-snippet":"max-snippet:-1","max-image-preview":"max-image-preview:large","max-video-preview":"max-video-preview:-1"},"canonical":"https:\/\/mondaysites.com.br\/kimadeiras\/tratamento-termico\/","og_locale":"pt_BR","og_type":"article","og_title":"Embalagens de Madeira Personalizadas - Qualidade e Seguran\u00e7a | Kimadeiras","og_description":"Conhe\u00e7a as embalagens de madeira da Kimadeiras! Produtos resistentes e personalizados para proteger mercadorias com seguran\u00e7a. Solicite um or\u00e7amento!","og_url":"https:\/\/mondaysites.com.br\/kimadeiras\/tratamento-termico\/","og_site_name":"Kimadeiras","article_modified_time":"2025-09-26T20:33:29+00:00","twitter_card":"summary_large_image","twitter_misc":{"Est. tempo de leitura":"1 minuto"},"schema":{"@context":"https:\/\/schema.org","@graph":[{"@type":"WebPage","@id":"https:\/\/mondaysites.com.br\/kimadeiras\/tratamento-termico\/","url":"https:\/\/mondaysites.com.br\/kimadeiras\/tratamento-termico\/","name":"Embalagens de Madeira Personalizadas - Qualidade e Seguran\u00e7a | Kimadeiras","isPartOf":{"@id":"https:\/\/mondaysites.com.br\/kimadeiras\/#website"},"datePublished":"2024-11-05T19:11:56+00:00","dateModified":"2025-09-26T20:33:29+00:00","description":"Conhe\u00e7a as embalagens de madeira da Kimadeiras! Produtos resistentes e personalizados para proteger mercadorias com seguran\u00e7a. Solicite um or\u00e7amento!","breadcrumb":{"@id":"https:\/\/mondaysites.com.br\/kimadeiras\/tratamento-termico\/#breadcrumb"},"inLanguage":"pt-BR","potentialAction":[{"@type":"ReadAction","target":["https:\/\/mondaysites.com.br\/kimadeiras\/tratamento-termico\/"]}]},{"@type":"BreadcrumbList","@id":"https:\/\/mondaysites.com.br\/kimadeiras\/tratamento-termico\/#breadcrumb","itemListElement":[{"@type":"ListItem","position":1,"name":"In\u00edcio","item":"https:\/\/mondaysites.com.br\/kimadeiras\/"},{"@type":"ListItem","position":2,"name":"Tratamento T\u00e9rmico"}]},{"@type":"WebSite","@id":"https:\/\/mondaysites.com.br\/kimadeiras\/#website","url":"https:\/\/mondaysites.com.br\/kimadeiras\/","name":"Kimadeiras","description":"","potentialAction":[{"@type":"SearchAction","target":{"@type":"EntryPoint","urlTemplate":"https:\/\/mondaysites.com.br\/kimadeiras\/?s={search_term_string}"},"query-input":{"@type":"PropertyValueSpecification","valueRequired":true,"valueName":"search_term_string"}}],"inLanguage":"pt-BR"}]}},"_links":{"self":[{"href":"https:\/\/mondaysites.com.br\/kimadeiras\/wp-json\/wp\/v2\/pages\/7368","targetHints":{"allow":["GET"]}}],"collection":[{"href":"https:\/\/mondaysites.com.br\/kimadeiras\/wp-json\/wp\/v2\/pages"}],"about":[{"href":"https:\/\/mondaysites.com.br\/kimadeiras\/wp-json\/wp\/v2\/types\/page"}],"author":[{"embeddable":true,"href":"https:\/\/mondaysites.com.br\/kimadeiras\/wp-json\/wp\/v2\/users\/1"}],"replies":[{"embeddable":true,"href":"https:\/\/mondaysites.com.br\/kimadeiras\/wp-json\/wp\/v2\/comments?post=7368"}],"version-history":[{"count":25,"href":"https:\/\/mondaysites.com.br\/kimadeiras\/wp-json\/wp\/v2\/pages\/7368\/revisions"}],"predecessor-version":[{"id":8174,"href":"https:\/\/mondaysites.com.br\/kimadeiras\/wp-json\/wp\/v2\/pages\/7368\/revisions\/8174"}],"wp:attachment":[{"href":"https:\/\/mondaysites.com.br\/kimadeiras\/wp-json\/wp\/v2\/media?parent=7368"}],"curies":[{"name":"wp","href":"https:\/\/api.w.org\/{rel}","templated":true}]}}